 47. Let d be l(10). What are the prime factors of (2 - 5)/(d/456 - 7)?
2, 19
Let q(r) = 12*r + 10. Let c = -23 + 25. Suppose 56 = 6*j + c*j. List the prime factors of q(j).
2, 47
Let v(l) = 12*l**3 + 5*l**2 - 29*l + 28. Let i(k) = k**3 - 46*k**2 - k + 51. Let f be i(46). What are the prime factors of v(f)?
2, 13, 29
Let m(h) = 14*h - 44. Suppose 18 = 4*d + s, -6*s = -s - 10. Suppose 3*o - 22 = -4*x, -o - d*o + 60 = -5*x. What are the prime factors of m(o)?
2, 3
Let l(c) be the third derivative of -c**6/120 + c**5/30 + c**4/24 + 65*c**3/2 + 86*c**2. List the prime factors of l(0).
3, 5, 13
Let w be (28/(-7))/((-72)/(-162)). Let d(z) = -4*z**2 + 1 + 5 + 3*z**2 - 10*z. List the prime factors of d(w).
3, 5
Suppose 0 = q - 2*t + 1203 - 3086, -3769 = -2*q + 3*t. Suppose 4*u + 5*k - 771 = 1747, -4*k + q = 3*u. List the prime factors of u.
3, 11, 19
Let p(b) be the third derivative of 0*b + 27*b**2 + 10/3*b**3 - 1/24*b**4 + 0. What are the prime factors of p(4)?
2
Suppose 5*g - v - 13580 = 0, -5*v + 6*v - 5439 = -2*g. What are the prime factors of g?
11, 13, 19
What are the prime factors of ((207504/55)/2)/((-412)/(-80) - 5)?
2, 3, 131
Let x(b) = -5*b**3 - 98*b**2 + 2*b - 152. List the prime factors of x(-27).
13, 29, 71
List the prime factors of 489/(-17*(-15)/2720).
2, 163
Let z = -3775 + 4018. List the prime factors of z.
3
Let h be 52/39*264*(1 + 0). Let x = h + 259. What are the prime factors of x?
13, 47
Suppose -4*l = -4*f + 54496, 13*f + 68126 = 18*f - 2*l. List the prime factors of f.
2, 3, 757
Let f(z) = z**2 + 14*z + 45. Let u be f(-7). Let o(c) = 11*c**2 + 14*c + 17. What are the prime factors of o(u)?
137
Let f be 4/(-20) - (-110422)/10. List the prime factors of f/22 + (390/(-66) - -6).
2, 251
Suppose -304*r - 18*r = -22*r - 3350100. List the prime factors of r.
13, 859
Suppose 86*p = 85*p + 378. Suppose -3*l + 761 = 4*b - p, -4*l - 5*b = -1517. What are the prime factors of l?
373
Let z = 1774 + -1772. Let k be ((-20)/3)/(4/342). What are the prime factors of (z/(-2))/(2*3/k)?
5, 19
Suppose 17*q = -8*q - 6249 + 36974. What are the prime factors of q?
1229
Let u be (-1)/(((-7)/(-5))/7)*-265. Let w = u - 835. What are the prime factors of w?
2, 5, 7
Suppose 2*d = -0*q + 2*q - 358, -25 = 5*d. Suppose 0 = -0*r - 20*r + 80. Suppose 2*u = 2*g - 0*g - q, 3*g - r*u - 261 = 0. List the prime factors of g.
3, 29
Suppose -3*w + 4400 = -2530. List the prime factors of w.
2, 3, 5, 7, 11
Let c = 419 + -419. Suppose -9*r - 2*r + 7183 = c. List the prime factors of r.
653
Suppose 0 = -228*j + 227*j + 3. Suppose -2*i - j*w + 2883 = i, w = 2*i - 1934. List the prime factors of i.
5, 193
Let g = 582 + -541. Suppose -33*c - 5776 = -g*c. List the prime factors of c.
2, 19
Let k(d) = 397*d**2 - 17*d - 103. List the prime factors of k(-8).
13, 19, 103
Let b = -553 - -824. Let s = b - -187. List the prime factors of s.
2, 229
Let n(v) = v**2 - 9*v - 20. Let g be n(11). Let d be 0 + 188 + g/(-6 - -5). Let p = d + -81. List the prime factors of p.
3, 5, 7
Suppose 4*o - 9 + 25 = 0. Let r be (-6)/(-16)*o/6*-12. Suppose 0*m = r*j + 2*m - 157, -4*m - 269 = -5*j. List the prime factors of j.
53
Let q be ((-16)/48)/((-1)/18). Suppose 0 = 2*i - 0*i - 3*w - 15, i - q = 3*w. Suppose i*k + 720 = 14*k. List the prime factors of k.
2, 3
Suppose 107662 = -14*n + 18*n - 3*j, -24 = 4*j. What are the prime factors of n?
17, 1583
Let k = 70743 - 45101. What are the prime factors of k?
2, 12821
Suppose 0 = 27*i - 49556 + 8462. List the prime factors of i.
2, 761
Let i be (-2*(-18)/120)/((-3)/(-30)). List the prime factors of 776 - i - (3 + -2 - 6).
2, 389
Suppose h = -7*q + 237401, -3*q + 101918 = 2*h + 181. List the prime factors of q.
3, 5, 7, 17, 19
Let z(c) = c**3 + 25*c**2 + 2. Let b be z(-25). Suppose -5*r + b = -4*r. What are the prime factors of 1*((2 + 64)/r - 2)?
31
Let o = 346 - -717. Let h = 1671 - o. What are the prime factors of h?
2, 19
Suppose 4*f - 3*c = 215887, -81544 = -f + 4*c - 27556. What are the prime factors of f?
2, 3373
Let c be -1*(-3)/2 - 66/4. Let p be (-36)/c + (-6)/(-10). Suppose -8*v + p*v = z - 640, -25 = -5*z. What are the prime factors of v?
127
Suppose 1507476 - 5410974 = -418*s + 3948632. What are the prime factors of s?
5, 13, 17
Suppose -16431 = -3*h - 4269. What are the prime factors of h?
2, 2027
Let p(b) be the third derivative of b**6/40 - 7*b**5/20 - b**4/24 + 7*b**3/2 - 3*b**2 + 19*b. List the prime factors of p(9).
2, 3, 83
Suppose 4*f = -3*j + 2045, 3*j = 4*j + 4*f - 679. Suppose 4*y - 1056 = 3*z + 1630, -y - 5*z + j = 0. What are the prime factors of y?
673
Let r(h) = 2*h**2 - 11*h + 27. Let x be r(11). Let o = 260 - x. Suppose -7*a + o = -3*a. What are the prime factors of a?
2, 7
Let n be (-1807)/139 + (0 - (-1 - 2)). Let m(w) = -3*w**3 - 11*w**2 + 12*w + 67. What are the prime factors of m(n)?
1847
Suppose -15*r + 123 = -267. Let a = 72 - r. What are the prime factors of a?
2, 23
Suppose o + r - 16 = 225, 3*r - 3 = 0. Let p = o + -76. List the prime factors of p.
2, 41
Let i(q) = 0*q - 9 - 12*q + 0 + q**2. Let f = -6930 - -6922. What are the prime factors of i(f)?
151
Let q be (1 - 5)/(-2)*-20. Let v = q - -90. Suppose -4*z = 2*u - 116, -2*z + 0*u + v = 3*u. List the prime factors of z.
31
Suppose -25*y + 2*h = -22*y - 9862, 4*y - 5*h = 13140. List the prime factors of y.
2, 5, 7, 47
Let n = 185 + -119. Suppose -1 = n*c - 65*c. List the prime factors of -3 - 7*(c + 0).
2
Let o be (21 - -2)/((-1)/1). Let h = 25 + o. Suppose d + 41 = h*d. What are the prime factors of d?
41
Let d be ((-10)/15)/((-10)/(-15)). Let p(a) = -358*a - 17. What are the prime factors of p(d)?
11, 31
Let i be 392/(-10)*(-50 + 30). Let h = 1879 - i. What are the prime factors of h?
3, 5, 73
Suppose -75 = 4*u - 1587. List the prime factors of (-2 + -6)/((-9)/u).
2, 3, 7
Suppose 2*u = 3*m - 205 - 6370, -3*m - 4*u = -6551. What are the prime factors of m?
11, 199
Let n = 442 - -111. Suppose 2*v - n = v. List the prime factors of v.
7, 79
Suppose 45 = -29*k + 38*k. Suppose k*j = -4*u + 1685, 297 - 974 = -2*j - u. What are the prime factors of j?
11, 31
Let w = 175 + -176. What are the prime factors of (65*9/36)/(w/(-28))?
5, 7, 13
Let g be 4*1*225/(-20). Suppose 3*m = -3*h + 522, 2*h - 288 - 45 = -5*m. Let w = h + g. List the prime factors of w.
2, 67
Let y(u) = -38*u + 243. Let i be y(26). Let d = i - -1466. List the prime factors of d.
7, 103
What are the prime factors of 58798 - 12*(-119)/(-68)?
53, 1109
Let v be -5 + 6 + (718 - -1). Suppose -19*u = -11*u - v. What are the prime factors of u?
2, 3, 5
Suppose -3*f = 2*p - 4, 0*f + 2*f + 5*p + 1 = 0. Suppose -z - 60 = -f*z + v, 5*z = v + 316. Suppose z = 2*d - 116. List the prime factors of d.
2, 3, 5
Let l = 77 + -41. Suppose 2*j - l = -0*j. Let v = 59 - j. What are the prime factors of v?
41
Suppose -17176 = -3*l + 5*t + 9988, -3*t - 36215 = -4*l. List the prime factors of l.
11, 823
Let b = -64993 + 129206. List the prime factors of b.
157, 409
What are the prime factors of -11 + 825/77 + 75450/14?
17, 317
Let u(i) = 127*i + 1528. What are the prime factors of u(32)?
2, 3, 233
Let r(x) = -438*x - 1744. List the prime factors of r(-9).
2, 7, 157
Suppose -25*k - 439683 = -118*k + 895890. What are the prime factors of k?
3, 4787
Let g(n) = 115*n**3 - 5*n + 4. Let w be g(1). Let t = w + 365. Suppose 2*r = -73 + t. List the prime factors of r.
7, 29
Let q = 497 + -349. List the prime factors of q*((-3 - -9) + -4).
2, 37
Let n(t) = -52*t + 99. Let f be n(-11). Let u = f + -297. What are the prime factors of u?
2, 11, 17
Let s(z) be the first derivative of 6*z**3 + 3*z**2/2 + 10*z + 1. Let u(x) = -18*x**2 - 4*x - 11. Let c(q) = 7*s(q) + 6*u(q). List the prime factors of c(1).
19
Let w(t) = -t**2 + 11*t + 5713. What are the prime factors of w(0)?
29, 197
Suppose 0 = -304*a + 313*a - 33966. What are the prime factors of a?
2, 3, 17, 37
Suppose b - 5*g - 799 = 0, -2*g = 2*b - 6*g - 1598. Let j = -1377 + b. Let f = -269 - j. List the prime factors of f.
3, 103
Let q(x) = 4*x**3 - 2*x**2 + 2*x - 1. Let l be q(1). Let p(b) = 45*b**2 + 3*b + 2. Let h be p(l). Suppose 7*k - 11*k = -h. List the prime factors of k.
2, 13
Let z(u) = 61*u**3 - u**2 - u + 2. Let f(a) be the second derivative of -a**3/3 - 33*a**2/2 + 13*a. 